the prime factors of 66195309.
3, 61, 361723
List the prime factors of 1568895662.
2, 71, 157, 70373
List the prime factors of 13278313.
401, 33113
List the prime factors of 332685945.
3, 5, 1193, 6197
List the prime factors of 63519273.
3, 7057697
List the prime factors of 2503590538.
2, 211, 2203, 2693
List the prime factors of 744947484.
2, 3, 31, 2002547
What are the prime factors of 6477342372?
2, 3, 10459, 17203
List the prime factors of 31834110.
2, 3, 5, 7, 11, 13781
List the prime factors of 410599231.
7, 59, 73, 13619
What are the prime factors of 19705894?
2, 13, 23, 31, 1063
What are the prime factors of 382740198?
2, 3, 31, 59, 34877
List the prime factors of 242536068.
2, 3, 463, 14551
What are the prime factors of 25853064?
2, 3, 757, 1423
List the prime factors of 50462490.
2, 3, 5, 13, 47, 2753
What are the prime factors of 125752310?
2, 5, 12575231
List the prime factors of 23433222.
2, 3, 41, 95257
List the prime factors of 16329208.
2, 7, 19, 103, 149
What are the prime factors of 106683339?
3, 7, 725737
List the prime factors of 2398528470.
2, 3, 5, 13, 17, 361769
List the prime factors of 307903444.
2, 181, 425281
List the prime factors of 562758892.
2, 140689723
What are the prime factors of 14250326?
2, 307, 23209
List the prime factors of 65240393.
1889, 34537
List the prime factors of 76403823.
3, 79, 179, 1801
What are the prime factors of 1238594823?
3, 17, 157, 51563
What are the prime factors of 76892172?
2, 3, 7, 130769
What are the prime factors of 471538964?
2, 13, 293, 30949
List the prime factors of 38910253.
61, 637873
What are the prime factors of 70759369?
70759369
List the prime factors of 20639030.
2, 5, 2063903
What are the prime factors of 10048509?
3, 372167
What are the prime factors of 7280364467?
211, 34504097
What are the prime factors of 109896377?
109896377
List the prime factors of 2563841.
7, 19, 37, 521
What are the prime factors of 28928756?
2, 23, 383, 821
What are the prime factors of 140994086?
2, 70497043
What are the prime factors of 980493341?
980493341
List the prime factors of 401863386.
2, 3, 41, 199, 8209
List the prime factors of 1627211982.
2, 3, 11, 29, 67, 12689
List the prime factors of 675779771.
47, 14378293
What are the prime factors of 44470437?
3, 11, 223, 6043
What are the prime factors of 154323665?
5, 30864733
What are the prime factors of 519582894?
2, 3, 86597149
List the prime factors of 105197855.
5, 7, 61, 7039
What are the prime factors of 4646537772?
2, 3, 53, 263, 27779
List the prime factors of 6000584646.
2, 3, 7, 127, 1124969
What are the prime factors of 1860380447?
349, 5330603
List the prime factors of 144982134.
2, 3, 11, 732233
List the prime factors of 72030399.
3, 7, 41, 269, 311
List the prime factors of 64406189.
31, 107, 19417
What are the prime factors of 499892486?
2, 59, 1217
What are the prime factors of 169380184?
2, 29, 41, 17807
What are the prime factors of 1821613380?
2, 3, 5, 30360223
What are the prime factors of 1744417426?
2, 593, 1470841
List the prime factors of 72621382.
2, 17, 19, 79, 1423
What are the prime factors of 29771320?
2, 5, 744283
List the prime factors of 982953503.
7, 140421929
What are the prime factors of 1105984745?
5, 29, 67, 113843
What are the prime factors of 320504855?
5, 11, 5827361
What are the prime factors of 3059921941?
37, 82700593
List the prime factors of 60689244.
2, 3, 7, 11, 853
List the prime factors of 391540937.
23, 740153
What are the prime factors of 21488411?
7, 19, 23081
What are the prime factors of 354978086?
2, 31, 5725453
What are the prime factors of 1360917847?
17, 71, 179, 6299
List the prime factors of 1424599507.
17, 23, 3643477
What are the prime factors of 607650379?
7, 86807197
What are the prime factors of 6417252?
2, 3, 59419
List the prime factors of 543918629.
17047, 31907
What are the prime factors of 4732007?
7, 19, 47, 757
What are the prime factors of 220320091?
163, 683, 1979
What are the prime factors of 39109850?
2, 5, 13, 60169
List the prime factors of 337604088.
2, 3, 17, 827461
List the prime factors of 14556928.
2, 101, 563
What are the prime factors of 3556297876?
2, 889074469
What are the prime factors of 97979547?
3, 32659849
What are the prime factors of 2606017?
2606017
List the prime factors of 23197702.
2, 11, 1054441
List the prime factors of 70961392.
2, 4435087
List the prime factors of 14767047.
3, 19, 86357
List the prime factors of 121134355.
5, 883, 27437
List the prime factors of 525141211.
7, 75020173
What are the prime factors of 1548719519?
43, 53, 679561
What are the prime factors of 277779747?
3, 7, 31, 426697
List the prime factors of 320389211.
41, 7814371
What are the prime factors of 563058943?
563058943
List the prime factors of 1151441309.
101, 127, 89767
What are the prime factors of 748866139?
7, 433, 247069
List the prime factors of 51619083.
3, 17206361
What are the prime factors of 180697629?
3, 7, 8604649
List the prime factors of 160013902.
2, 5657, 14143
What are the prime factors of 32270296?
2, 43, 93809
What are the prime factors of 1012414595?
5, 1879, 107761
List the prime factors of 28247909.
37, 763457
What are the prime factors of 2266586328?
2, 3, 31, 3046487
List the prime factors of 2086188398.
2, 7, 281, 530297
List the prime factors of 23762335.
5, 23, 127, 1627
List the prime factors of 973407527.
41, 3067, 7741
List the prime factors of 5889126896.
2, 368070431
What are the prime factors of 150610635?
3, 5, 7, 478129
List the prime factors of 821924367.
3, 11, 24906799
What are the prime factors of 189942733?
189942733
What are the prime factors of 57409409?
3251, 17659
What are the prime factors of 123435607?
3739, 33013
What are the prime factors of 84404314?
2, 42202157
List the prime factors of 8697362.
2, 4348681
What are the prime factors of 593592221?
37, 1087, 14759
What are the prime factors of 4801064916?
2, 3, 400088743
List the prime factors of 273646221.
3, 91215407
What are the prime factors of 504491068?
2, 71, 1193, 1489
What are the prime factors of 2775975539?
677, 4100407
List the prime factors of 116689459.
116689459
List the prime factors of 4326470481.
3, 27067, 53281
List the prime factors of 244708479.
3, 9063277
List the prime factors of 34061906.
2, 719, 23687
What are the prime factors of 5211742365?
3, 5, 197, 195967
List the prime factors of 1378416839.
271, 5086409
What are the prime factors of 288655124?
2, 89, 263, 3083
What are the prime factors of 9278192087?
43, 59, 3657151
List the prime factors of 3895091423.
23, 53, 60289
List the prime factors of 25393367.
19, 1336493
List the prime factors of 318766060.
2, 5, 163, 277, 353
List the prime factors of 223896304.
2, 19, 281, 2621
List the prime factors of 58278334.
2, 4517, 6451
List the prime factors of 148429657.
809, 183473
What are the prime factors of 961898437?
17, 661, 85601
List the prime factors of 288601586.
2, 7, 13, 1585723
What are the prime factors of 1296471672?
2, 3, 43, 317, 1321
List the prime factors of 4620948169.
4620948169
What are the prime factors of 1646953168?
2, 7, 14704939
List the prime factors of 2429969743.
2429969743
List the prime factors of 97491931.
31, 127, 24763
List the prime factors of 34998814.
2, 31, 564497
What are the prime factors of 108653799?
3, 19, 1021, 1867
List the prime factors of 1331220446.
2, 19, 61, 574297
List the prime factors of 99895609.
11, 31, 73, 4013
List the prime factors of 77072341.
19, 61, 66499
List the prime factors of 17717220.
2, 3, 5, 98429
What are the prime factors of 336505371?
3, 19, 5903603
List the prime factors of 215713853.
59, 827, 4421
List the prime factors of 1345360130.
2, 5, 853, 157721
List the prime factors of 491676996.
2, 3, 3557, 11519
What are the prime factors of 64159697?
7, 2207, 4153
What are the prime factors of 525189295?
5, 41, 2561899
What are the prime factors of 26336010?
2, 3, 5, 877867
List the prime factors of 155816716.
2, 11, 3541289
What are the prime factors of 2942017423?
23, 127913801
List the prime factors of 91161604.
2, 23, 990887
List the prime factors of 14364678.
2, 3, 41, 58393
List the prime factors of 102229968.
2, 3, 2129791
List the prime factors of 1965792701.
3623, 542587
List the prime factors of 24408029